. Calculate o(-15).
-109
Let z(p) = -172*p - 189031. Give z(-1099).
-3
Let s(f) = f**3 + 6*f**2 - 696*f + 12. Give s(23).
-655
Let k(v) = 3*v**2 - 49*v - 1632. Determine k(-26).
1670
Let h(j) = -120671*j - 241338. Give h(-2).
4
Let i(a) = -a**3 + 91*a**2 - 209*a + 2882. Determine i(89).
123
Let j(r) = -17*r**2 - 119*r + 466. Give j(4).
-282
Let s(k) = 14567*k - 218620. Calculate s(15).
-115
Let g(w) = 1103*w**2 + 138977*w - 103. Calculate g(-126).
23
Let s(i) = -2*i**2 + 565*i + 57127. Calculate s(-79).
10
Let i(s) = -9*s**2 - 25465*s - 329520. Calculate i(-13).
4
Let a(m) = -1560*m**2 + 223082*m - 274. Calculate a(143).
12
Let z(a) = a**3 - a**2 - 139*a + 769. Calculate z(8).
105
Let s(h) = 1802*h + 90125. Calculate s(-50).
25
Let c(s) = -2*s**2 - 1364*s - 14780. Determine c(-671).
-18
Let y(n) = n**3 - 53*n**2 - 1033*n + 60231. Calculate y(49).
10
Let h(i) = -i**3 - 7*i**2 + 34*i - 22. Calculate h(-11).
88
Let k(b) = 238*b - 36772. What is k(161)?
1546
Let k(m) = -4828*m - 24165. Give k(-5).
-25
Let y(u) = -u**2 + 691*u - 110245. What is y(250)?
5
Let y(s) = 7*s + 380. Determine y(16).
492
Let s(m) = -m**3 + 4*m**2 - 24*m - 455. Calculate s(0).
-455
Let u(k) = 300*k - 7547. Give u(30).
1453
Let f(m) = 586954*m + 1760864. Determine f(-3).
2
Let z(d) = -d**3 - 84*d**2 + 1072*d + 968. What is z(12)?
8
Let d(g) = -2496*g - 10559. What is d(-4)?
-575
Let z(h) = -h**3 + 16*h**2 - 3884*h + 62148. Calculate z(16).
4
Let n(m) = -10*m**2 - 58*m + 16004. Determine n(-43).
8
Let v(p) = 4874*p - 194947. What is v(40)?
13
Let s(c) = -350*c**3 + c**2 + 2*c + 2. Determine s(-1).
351
Let r(u) = u**2 + 1450*u - 50476. Calculate r(34).
-20
Let u(k) = -43*k**2 + 1254*k - 2334. Calculate u(2).
2
Let r(c) = 2*c**2 - 107*c + 900. What is r(9)?
99
Let o(m) = 24*m**2 - 119*m + 23. Give o(-9).
3038
Let h(u) = u**3 + 12*u**2 + 5008*u + 34828. Calculate h(-7).
17
Let w(k) = -438*k + 77490. Give w(179).
-912
Let r(s) = -12317*s - 431097. Calculate r(-35).
-2
Let t(a) = -10*a**2 - 348*a - 3357. Determine t(-10).
-877
Let y(s) = -3*s**2 - 226*s + 1601. Give y(7).
-128
Let n(s) = 524*s - 329. Determine n(1).
195
Let y(q) = 8*q**2 + 9184*q + 45859. What is y(-5)?
139
Let x(i) = -197*i**2 + 4340*i + 41. Give x(22).
173
Let x(j) = 38*j + 1666. Determine x(-36).
298
Let h(s) = 1607*s - 4861. Calculate h(3).
-40
Let o(i) = i**3 - 223*i**2 - 9908*i - 2601. Calculate o(261).
9
Let i(c) = 205*c**2 - 7950*c + 7949. Determine i(1).
204
Let j(o) = -250*o - 1221. Calculate j(0).
-1221
Let y(a) = 17*a**3 + 2109*a**2 + 2219*a + 609. Calculate y(-123).
-6
Let k(b) = b**3 + 410*b**2 - 12347*b - 36353. What is k(-438)?
1
Let x(v) = 31636*v - 221461. Determine x(7).
-9
Let k(p) = -42715*p + 256279. What is k(6)?
-11
Let d(s) = -s**2 + 1690*s + 298019. Give d(-161).
8
Let z(i) = -i**3 - 17*i**2 + 76*i + 253. What is z(-20)?
-67
Let p(j) = -2*j**2 + 293*j + 3630. Give p(-12).
-174
Let n(u) = 2*u**2 - 204*u - 18108. Calculate n(159).
18
Let s(o) = -31*o**2 + 1009*o + 10060. Determine s(-10).
-3130
Let h(b) = b**3 + 11*b**2 + 7430*b + 89291. Calculate h(-12).
-13
Let x(g) = 4*g**3 - 34*g**2 + 92*g - 16. Give x(10).
1504
Let h(p) = -126*p - 11765. Calculate h(-98).
583
Let x(h) = h**3 - 17*h**2 + 171*h - 3382. What is x(18)?
20
Let g(l) = -85918*l + 17441355. Give g(203).
1
Let a(i) = -27*i - 334. Calculate a(-9).
-91
Let s(v) = -6762*v - 2501951. Calculate s(-370).
-11
Let d(b) = -194904*b - 389778. Determine d(-2).
30
Let b(r) = -4*r**2 - 342*r - 4321. What is b(-70)?
19
Let i(l) = -1985*l**3 - l**2 - 4810*l - 4810. Give i(-1).
1984
Let l(v) = -v**3 + 568*v**2 + 260411*v + 3297. What is l(-300)?
-3
Let f(x) = x**3 + 38*x**2 + 649*x + 26859. What is f(-39)?
27
Let f(p) = 306*p**2 + 8900*p + 598. Determine f(-29).
-156
Let o(w) = -w**2 + 127*w + 382. Calculate o(130).
-8
Let t(f) = 2322*f - 16356. Calculate t(7).
-102
Let q(w) = 806*w + 65. Determine q(-2).
-1547
Let n(u) = 9657*u - 106254. Give n(11).
-27
Let z(v) = 16*v**2 + 5*v - 1018. Give z(8).
46
Let x(q) = -252*q**2 + 846*q - 1673. Determine x(2).
-989
Let z(j) = 5918*j - 970569. Calculate z(164).
-17
Let h(d) = -d**2 + 35*d + 142. What is h(-7)?
-152
Let p(l) = -305709*l + 29348058. Determine p(96).
-6
Let l(o) = 6*o**3 - 200*o**2 - 140*o - 398. Give l(34).
-534
Let i(j) = 26*j**2 + 514*j - 28. Determine i(-21).
644
Let u(h) = -44*h**2 + 6122*h - 12875. Calculate u(137).
3
Let k(n) = -30879*n - 432294. Determine k(-14).
12
Let q(d) = 1068*d - 289396. What is q(271)?
32
Let k(w) = w**3 + 1286*w**2 - 11666*w + 14. Determine k(9).
-85
Let z(j) = -j**2 - 761*j + 50782. Give z(62).
-244
Let d(k) = -125*k**2 - 724*k + 88. Give d(-6).
-68
Let l(b) = -998*b - 25909. Give l(-26).
39
Let j(s) = -39*s**2 + 887*s - 889. Calculate j(1).
-41
Let j(t) = 15593*t - 5566730. Give j(357).
-29
Let p(z) = z**3 + 62*z**2 - 1245*z + 5495. What is p(8)?
15
Let h(d) = -2444818*d + 14668911. Give h(6).
3
Let h(y) = 38*y**3 + 4*y**2 + 4*y - 4. Calculate h(-1).
-42
Let i(x) = -2*x**2 - 89*x - 879. Determine i(-31).
-42
Let b(g) = 382*g + 5003. Calculate b(-10).
1183
Let t(x) = 38*x**2 - 5854*x - 11536. Determine t(156).
8
Let h(p) = -5*p**2 - 419*p + 1593. Give h(-85).
1083
Let s(d) = 17*d**3 + 3*d**2 - 621*d - 4423. Determine s(-7).
-5760
Let i(r) = 167*r + 9895. Determine i(-70).
-1795
Let o(m) = 2*m**3 + 104*m**2 - 11*m - 603. Give o(-52).
-31
Let y(d) = d**2 + 44*d - 2200. Give y(45).
1805
Let v(j) = 1583*j**2 + 37995*j + 78. Calculate v(-24).
6
Let w(l) = -2534*l + 501742. Give w(198).
10
Let x(r) = -r**2 + 400*r + 13493. Determine x(-31).
132
Let l(w) = w**3 + 40*w**2 - 376*w - 233. Give l(-48).
-617
Let w(b) = b**3 + 175*b**2 - 545*b + 6. Determine w(3).
-27
Let i(b) = b**2 - 59*b - 426. Determine i(42).
-1140
Let n(i) = 36*i - 1420. Calculate n(43).
128
Let r(m) = -9*m**3 - 237*m**2 - 9*m + 655. Calculate r(-26).
-1139
Let u(g) = -8*g**2 - 30189*g - 120701. Determine u(-4).
-73
Let r(s) = -2*s**3 + 45*s**2 - 30*s + 38. What is r(21)?
731
Let z(v) = 1333*v - 21305. Determine z(16).
23
Let s(i) = -6*i**2 - 7450*i - 124933. What is s(-17)?
-17
Let h(v) = -22012*v + 9134978. Calculate h(415).
-2
Let x(j) = -5*j**3 - 8*j**2 + 219*j - 4. What is x(7)?
-578
Let h(y) = -2699*y + 610022. Calculate h(226).
48
Let v(r) = 707*r + 255225. Give v(-361).
-2
Let w(d) = -5891*d + 182614. Give w(31).
-7
Let d(t) = -2190*t**2 + 17521*t + 60. Calculate d(8).
68
Let t(i) = i**3 + 38*i**2 - 141*i - 2920. What is t(-40)?
-480
Let l(u) = 34*u**2 - 133*u - 670. What is l(-6)?
1352
Let u(q) = 190*q**2 - 1600*q + 3240. What is u(5)?
-10
Let p(j) = -j**3 + 69*j**2 - 424*j + 39. Calculate p(11).
2393
Let n(q) = -q**3 + 97*q**2 - 468*q - 33. What is n(5)?
-73
Let r(w) = 197*w + 12333. Calculate r(-67).
-866
Let o(a) = -a**2 - 133*a - 1794. What is o(-15)?
-24
Let i(q) = -5*q**3 - 26*q**2 + q + 114. Give i(-7).
548
Let q(z) = -1376*z - 400443. Calculate q(-291).
-27
Let d(f) = -34*f**2 + 3047*f + 9462. Give d(-3).
15
Let c(z) = 2176*z**2 - 1766910*z - 1626. What is c(812)?
-2
Let t(w) = -16*w**2 + 32*w + 10. Determine t(6).
-374
Let p(n) = -5*n**2 - 1649*n + 15241. Calculate p(9).
-5
Let k(i) = -2*i**2 + 972*i + 11022. Calculate k(-11).
88
Let b(v) = -437*v - 27328. Calculate b(-62).
-234
Let k(h) = -1922*h + 165300. Calculate k(86).
8
Let a(u) = -3*u**3 + 126*u**2 - 661*u + 16875. Calculate a(40).
35
Let k(y) = -58*y**2 - 823*y + 29. What is k(-14)?
183
Let g(h) = -h**3 - 89*h**2 - 974*h + 769. Determine g(-14).
-295
Let o(h) = -h**3 - 25*h**2 - 71*h - 55. Give o(-21).
-328
Let g(a) = 1990*a**2 - 19896*a - 30. Give g(10).
10
Let b(h) = 19*h**2 + 3889*h - 5120. Give b(-206).
30
Let s(y) = 24552*y + 344433. Calculate s(-14).
705
Let t(c) = -2*c**3 - 234*c**2 + 1453*c - 2822. What is t(-123)?
7
Let g(p) = 22*p**2 + 710*p + 1112. Calculate g(-31).
244
Let s(p) = -2*p**3 - 203*p**2 - 3383*p + 50. What is s(-21)?
92
Let p(x) = -3*x**3 - 28*x**2 - 236*x - 2071. Determine p(-9).
-28
Let k(r) = 3*r**3 + 46*r**2 - 31*r + 154. What is k(-15)?
844
Let q(j) = 6248*j - 12506. Calculate q(2).
-10
Let t(v) = v**3 + 999*v - 5039. Calculate t(5).
81
Let h(r) = 7*r**2 - 141*r + 34. Give h(25).
884
Let q(o) = 14149*o - 905544. Calculate q(64).
-8
Let n(x) = -x**3 + 29*x**2 - 72*x - 101. Calculate n(7)